{"id":28,"date":"2025-10-15T19:13:28","date_gmt":"2025-10-15T19:13:28","guid":{"rendered":"https:\/\/robmec.uaz.edu.mx\/?page_id=28"},"modified":"2026-03-18T18:44:19","modified_gmt":"2026-03-18T18:44:19","slug":"inicio","status":"publish","type":"page","link":"https:\/\/robmec.uaz.edu.mx\/","title":{"rendered":"Inicio"},"content":{"rendered":"\t\t<div data-elementor-type=\"wp-page\" data-elementor-id=\"28\" class=\"elementor elementor-28\">\n\t\t\t\t<div class=\"elementor-element elementor-element-2a546c4 e-flex e-con-boxed e-con e-parent\" data-id=\"2a546c4\" data-element_type=\"container\" data-e-type=\"container\">\n\t\t\t\t\t<div class=\"e-con-inner\">\n\t\t\t\t<div class=\"elementor-element elementor-element-45a462f elementor-widget elementor-widget-html\" data-id=\"45a462f\" data-element_type=\"widget\" data-e-type=\"widget\" data-widget_type=\"html.default\">\n\t\t\t\t\t\t\t\t\t<\/div>\n\t\t\t\t\t<\/div>\n\t\t\t\t<\/div>\n\t\t<div class=\"elementor-element elementor-element-679123c e-flex e-con-boxed e-con e-parent\" data-id=\"679123c\" data-element_type=\"container\" data-e-type=\"container\">\n\t\t\t\t\t<div class=\"e-con-inner\">\n\t\t\t\t<div class=\"elementor-element elementor-element-9cc6965 elementor-widget elementor-widget-heading\" data-id=\"9cc6965\" data-element_type=\"widget\" data-e-type=\"widget\" data-widget_type=\"heading.default\">\n\t\t\t\t\t<h2 class=\"elementor-heading-title elementor-size-default\">Primer Seminario de Mecatr\u00f3nica y Rob\u00f3tica<\/h2>\t\t\t\t<\/div>\n\t\t\t\t<div class=\"elementor-element elementor-element-a706722 elementor-widget-divider--view-line elementor-widget elementor-widget-divider\" data-id=\"a706722\" data-element_type=\"widget\" data-e-type=\"widget\" data-widget_type=\"divider.default\">\n\t\t\t\t\t\t\t<div class=\"elementor-divider\">\n\t\t\t<span class=\"elementor-divider-separator\">\n\t\t\t\t\t\t<\/span>\n\t\t<\/div>\n\t\t\t\t\t\t<\/div>\n\t\t\t\t<div class=\"elementor-element elementor-element-907cc9f elementor-widget elementor-widget-image\" data-id=\"907cc9f\" data-element_type=\"widget\" data-e-type=\"widget\" data-widget_type=\"image.default\">\n\t\t\t\t\t\t\t\t\t\t\t\t\t\t\t<img fetchpriority=\"high\" decoding=\"async\" width=\"1024\" height=\"300\" src=\"https:\/\/robmec.uaz.edu.mx\/wp-content\/uploads\/2026\/03\/2026-img001.jpg\" class=\"attachment-large size-large wp-image-148\" alt=\"\" srcset=\"https:\/\/robmec.uaz.edu.mx\/wp-content\/uploads\/2026\/03\/2026-img001.jpg 1024w, https:\/\/robmec.uaz.edu.mx\/wp-content\/uploads\/2026\/03\/2026-img001-300x88.jpg 300w, https:\/\/robmec.uaz.edu.mx\/wp-content\/uploads\/2026\/03\/2026-img001-768x225.jpg 768w\" sizes=\"(max-width: 1024px) 100vw, 1024px\" \/>\t\t\t\t\t\t\t\t\t\t\t\t\t\t\t<\/div>\n\t\t\t\t<div class=\"elementor-element elementor-element-5530b74 elementor-widget elementor-widget-text-editor\" data-id=\"5530b74\" data-element_type=\"widget\" data-e-type=\"widget\" data-widget_type=\"text-editor.default\">\n\t\t\t\t\t\t\t\t\t<p>Como parte de las actividades acad\u00e9micas del programa de Mecatr\u00f3nica y Rob\u00f3tica, se est\u00e1 desarrollando el Primer Seminario de Mecatr\u00f3nica y Rob\u00f3tica, un espacio dise\u00f1ado para fomentar el intercambio de conocimientos y experiencias entre estudiantes, docentes e investigadores.<\/p><p>Cada mi\u00e9rcoles, en el auditorio audiovisual del programa, se llevan a cabo conferencias impartidas por especialistas en diversas \u00e1reas de la ciencia y la tecnolog\u00eda.<\/p><p>En esta ocasi\u00f3n, el Dr. Rodolfo de la Rosa R. present\u00f3 la ponencia titulada \u201cProporciones i\u00f3nicas en un sistema hidrop\u00f3nico cerrado para producciones de lechuga (Lactuca sativa L.)\u201d, en la cual comparti\u00f3 resultados de sus investigaciones y reflexiones sobre la importancia de la nutrici\u00f3n mineral en cultivos hidrop\u00f3nicos, destacando su impacto en la eficiencia productiva y la sostenibilidad agr\u00edcola.<\/p>\t\t\t\t\t\t\t\t<\/div>\n\t\t\t\t\t<\/div>\n\t\t\t\t<\/div>\n\t\t<div class=\"elementor-element elementor-element-52f9487 e-flex e-con-boxed e-con e-parent\" data-id=\"52f9487\" data-element_type=\"container\" data-e-type=\"container\">\n\t\t\t\t\t<div class=\"e-con-inner\">\n\t\t\t\t<div class=\"elementor-element elementor-element-a3f52fa elementor-widget elementor-widget-heading\" data-id=\"a3f52fa\" data-element_type=\"widget\" data-e-type=\"widget\" data-widget_type=\"heading.default\">\n\t\t\t\t\t<h2 class=\"elementor-heading-title elementor-size-default\">Ricardo obtiene su grado de Ingeniero<\/h2>\t\t\t\t<\/div>\n\t\t\t\t<div class=\"elementor-element elementor-element-7022324 elementor-widget-divider--view-line elementor-widget elementor-widget-divider\" data-id=\"7022324\" data-element_type=\"widget\" data-e-type=\"widget\" data-widget_type=\"divider.default\">\n\t\t\t\t\t\t\t<div class=\"elementor-divider\">\n\t\t\t<span class=\"elementor-divider-separator\">\n\t\t\t\t\t\t<\/span>\n\t\t<\/div>\n\t\t\t\t\t\t<\/div>\n\t\t\t\t<div class=\"elementor-element elementor-element-b115fdc elementor-widget elementor-widget-image\" data-id=\"b115fdc\" data-element_type=\"widget\" data-e-type=\"widget\" data-widget_type=\"image.default\">\n\t\t\t\t\t\t\t\t\t\t\t\t\t\t\t<img decoding=\"async\" width=\"1024\" height=\"300\" src=\"https:\/\/robmec.uaz.edu.mx\/wp-content\/uploads\/2025\/11\/2025-11-002.jpg\" class=\"attachment-large size-large wp-image-95\" alt=\"\" srcset=\"https:\/\/robmec.uaz.edu.mx\/wp-content\/uploads\/2025\/11\/2025-11-002.jpg 1024w, https:\/\/robmec.uaz.edu.mx\/wp-content\/uploads\/2025\/11\/2025-11-002-300x88.jpg 300w, https:\/\/robmec.uaz.edu.mx\/wp-content\/uploads\/2025\/11\/2025-11-002-768x225.jpg 768w\" sizes=\"(max-width: 1024px) 100vw, 1024px\" \/>\t\t\t\t\t\t\t\t\t\t\t\t\t\t\t<\/div>\n\t\t\t\t<div class=\"elementor-element elementor-element-4d49181 elementor-widget elementor-widget-text-editor\" data-id=\"4d49181\" data-element_type=\"widget\" data-e-type=\"widget\" data-widget_type=\"text-editor.default\">\n\t\t\t\t\t\t\t\t\t<p>Ricardo Murillo de la Rosa, egresado del programa de Ingenier\u00eda en Rob\u00f3tica y Mecatr\u00f3nica de la Unidad Acad\u00e9mica de Ingenier\u00eda El\u00e9ctrica (UAIE) de la Universidad Aut\u00f3noma de Zacatecas (UAZ), obtuvo su grado como ingeniero tras presentar y defender la Memoria de Experiencia Laboral titulada \u201cDiagn\u00f3stico, Mantenimiento Preventivo y Correctivo de Sistemas de Impresi\u00f3n Digital en la Industria Cer\u00e1mica\u201d.<\/p><p>Este trabajo refleja la aplicaci\u00f3n pr\u00e1ctica de conocimientos adquiridos durante su formaci\u00f3n, orientados al an\u00e1lisis t\u00e9cnico y la optimizaci\u00f3n de procesos industriales en un entorno altamente especializado.<\/p><p>La direcci\u00f3n acad\u00e9mica del proyecto estuvo a cargo del M.I.T.A. Fabi\u00e1n Garc\u00eda V\u00e1zquez, el Dr. H\u00e9ctor Alonso Guerrero Osuna y el Dr. Jes\u00fas Antonio Nava Pintor, quienes acompa\u00f1aron el desarrollo del documento con rigor metodol\u00f3gico y visi\u00f3n profesional; su jurado evaluador estuvo conformado por las Dras. Alejandra Cepeda Arg\u00fcelles y Nadia Gabriela Garibay Rend\u00f3n, quienes avalaron la pertinencia, calidad y solidez del trabajo presentado.<\/p><p>Con este logro, Ricardo se incorpora formalmente al ejercicio profesional, preparado para contribuir al desarrollo tecnol\u00f3gico e industrial con responsabilidad, conocimiento y compromiso.<\/p>\t\t\t\t\t\t\t\t<\/div>\n\t\t\t\t\t<\/div>\n\t\t\t\t<\/div>\n\t\t<div class=\"elementor-element elementor-element-d16d44d e-flex e-con-boxed e-con e-parent\" data-id=\"d16d44d\" data-element_type=\"container\" data-e-type=\"container\">\n\t\t\t\t\t<div class=\"e-con-inner\">\n\t\t\t\t<div class=\"elementor-element elementor-element-16834e5 elementor-widget elementor-widget-heading\" data-id=\"16834e5\" data-element_type=\"widget\" data-e-type=\"widget\" data-widget_type=\"heading.default\">\n\t\t\t\t\t<h2 class=\"elementor-heading-title elementor-size-default\">Josu\u00e9 Juli\u00e1n, un nuevo profesional para el mundo<\/h2>\t\t\t\t<\/div>\n\t\t\t\t<div class=\"elementor-element elementor-element-797e117 elementor-widget-divider--view-line elementor-widget elementor-widget-divider\" data-id=\"797e117\" data-element_type=\"widget\" data-e-type=\"widget\" data-widget_type=\"divider.default\">\n\t\t\t\t\t\t\t<div class=\"elementor-divider\">\n\t\t\t<span class=\"elementor-divider-separator\">\n\t\t\t\t\t\t<\/span>\n\t\t<\/div>\n\t\t\t\t\t\t<\/div>\n\t\t\t\t<div class=\"elementor-element elementor-element-6bfbc20 elementor-widget elementor-widget-image\" data-id=\"6bfbc20\" data-element_type=\"widget\" data-e-type=\"widget\" data-widget_type=\"image.default\">\n\t\t\t\t\t\t\t\t\t\t\t\t\t\t\t<img decoding=\"async\" width=\"1024\" height=\"300\" src=\"https:\/\/robmec.uaz.edu.mx\/wp-content\/uploads\/2025\/11\/2025-11-001.jpg\" class=\"attachment-large size-large wp-image-85\" alt=\"\" srcset=\"https:\/\/robmec.uaz.edu.mx\/wp-content\/uploads\/2025\/11\/2025-11-001.jpg 1024w, https:\/\/robmec.uaz.edu.mx\/wp-content\/uploads\/2025\/11\/2025-11-001-300x88.jpg 300w, https:\/\/robmec.uaz.edu.mx\/wp-content\/uploads\/2025\/11\/2025-11-001-768x225.jpg 768w\" sizes=\"(max-width: 1024px) 100vw, 1024px\" \/>\t\t\t\t\t\t\t\t\t\t\t\t\t\t\t<\/div>\n\t\t\t\t<div class=\"elementor-element elementor-element-e4957be elementor-widget elementor-widget-text-editor\" data-id=\"e4957be\" data-element_type=\"widget\" data-e-type=\"widget\" data-widget_type=\"text-editor.default\">\n\t\t\t\t\t\t\t\t\t<p>Josu\u00e9 Juli\u00e1n Ram\u00edrez Rosales, egresado del programa de Ingenier\u00eda en Rob\u00f3tica y Mecatr\u00f3nica de la Unidad Acad\u00e9mica de Ingenier\u00eda El\u00e9ctrica (UAIE) de la Universidad Aut\u00f3noma de Zacatecas (UAZ), obtuvo su grado como ingeniero tras presentar y defender exitosamente su tesis profesional titulada \u201cDise\u00f1o e Implementaci\u00f3n de M\u00f3dulos Did\u00e1cticos de Electr\u00f3nica Digital con Operaci\u00f3n Presencial y Remota\u201d.<\/p><p>Este trabajo representa una valiosa aportaci\u00f3n al fortalecimiento de estrategias educativas en el \u00e1mbito de la electr\u00f3nica digital, integrando soluciones tecnol\u00f3gicas que permiten su aplicaci\u00f3n tanto en entornos f\u00edsicos como virtuales.<\/p><p>La direcci\u00f3n de tesis estuvo a cargo del M.I.T.A. Fabi\u00e1n Garc\u00eda V\u00e1zquez, el Dr. H\u00e9ctor Alonso Guerrero Osuna y el Dr. Luis Fernando Luque Vega, quienes guiaron el desarrollo del proyecto con rigor acad\u00e9mico y visi\u00f3n formativa; el jurado evaluador estuvo conformado por el Dr. Jes\u00fas Antonio Nava Pintor y el Dr. Luis Octavio Sol\u00eds S\u00e1nchez, quienes avalaron la calidad del trabajo presentado y el desempe\u00f1o del sustentante durante la defensa.<\/p><p>Con este logro, Josu\u00e9 Ram\u00edrez Rosales se incorpora al ejercicio profesional como ingeniero, preparado para enfrentar los desaf\u00edos del sector tecnol\u00f3gico con creatividad, conocimiento y compromiso.<\/p>\t\t\t\t\t\t\t\t<\/div>\n\t\t\t\t\t<\/div>\n\t\t\t\t<\/div>\n\t\t<div class=\"elementor-element elementor-element-fa8be90 e-flex e-con-boxed e-con e-parent\" data-id=\"fa8be90\" data-element_type=\"container\" data-e-type=\"container\">\n\t\t\t\t\t<div class=\"e-con-inner\">\n\t\t<div class=\"elementor-element elementor-element-d175760 e-grid e-con-full e-con e-child\" data-id=\"d175760\" data-element_type=\"container\" data-e-type=\"container\">\n\t\t\t\t<div class=\"elementor-element elementor-element-e37380e elementor-widget elementor-widget-google_maps\" data-id=\"e37380e\" data-element_type=\"widget\" data-e-type=\"widget\" data-widget_type=\"google_maps.default\">\n\t\t\t\t\t\t\t<div class=\"elementor-custom-embed\">\n\t\t\t<iframe loading=\"lazy\"\n\t\t\t\t\tsrc=\"https:\/\/maps.google.com\/maps?q=Zacatecas%20UAZ%20Campus%20Siglo%20XXI&#038;t=m&#038;z=10&#038;output=embed&#038;iwloc=near\"\n\t\t\t\t\ttitle=\"Zacatecas UAZ Campus Siglo XXI\"\n\t\t\t\t\taria-label=\"Zacatecas UAZ Campus Siglo XXI\"\n\t\t\t><\/iframe>\n\t\t<\/div>\n\t\t\t\t\t\t<\/div>\n\t\t\t\t<div class=\"elementor-element elementor-element-081899d elementor-widget elementor-widget-html\" data-id=\"081899d\" data-element_type=\"widget\" data-e-type=\"widget\" data-widget_type=\"html.default\">\n\t\t\t\t\t<b><center>Facebook Oficial<\/center><\/b>\n<iframe src=\"https:\/\/www.facebook.com\/plugins\/page.php?href=https%3A%2F%2Fwww.facebook.com%2Frobmecuaz&tabs=timeline&width=600&height=500&small_header=false&adapt_container_width=true&hide_cover=false&show_facepile=true&appId\" width=\"600\" height=\"500\" style=\"border:none;overflow:hidden\" scrolling=\"no\" frameborder=\"0\" allowfullscreen=\"true\" allow=\"autoplay; clipboard-write; encrypted-media; picture-in-picture; web-share\"><\/iframe>\t\t\t\t<\/div>\n\t\t\t\t<\/div>\n\t\t\t\t\t<\/div>\n\t\t\t\t<\/div>\n\t\t\t\t<\/div>\n\t\t","protected":false},"excerpt":{"rendered":"<p>Primer Seminario de Mecatr\u00f3nica y Rob\u00f3tica Como parte de las actividades acad\u00e9micas del programa de Mecatr\u00f3nica y Rob\u00f3tica, se est\u00e1 desarrollando el Primer Seminario de Mecatr\u00f3nica y Rob\u00f3tica, un espacio dise\u00f1ado para fomentar el intercambio de conocimientos y experiencias entre estudiantes, docentes e investigadores. Cada mi\u00e9rcoles, en el auditorio audiovisual del programa, se llevan a <a class=\"read-more\" href=\"https:\/\/robmec.uaz.edu.mx\/\">Read More<\/a><\/p>\n","protected":false},"author":1,"featured_media":0,"parent":0,"menu_order":0,"comment_status":"closed","ping_status":"closed","template":"","meta":{"footnotes":""},"class_list":["post-28","page","type-page","status-publish","hentry"],"_links":{"self":[{"href":"https:\/\/robmec.uaz.edu.mx\/index.php?rest_route=\/wp\/v2\/pages\/28","targetHints":{"allow":["GET"]}}],"collection":[{"href":"https:\/\/robmec.uaz.edu.mx\/index.php?rest_route=\/wp\/v2\/pages"}],"about":[{"href":"https:\/\/robmec.uaz.edu.mx\/index.php?rest_route=\/wp\/v2\/types\/page"}],"author":[{"embeddable":true,"href":"https:\/\/robmec.uaz.edu.mx\/index.php?rest_route=\/wp\/v2\/users\/1"}],"replies":[{"embeddable":true,"href":"https:\/\/robmec.uaz.edu.mx\/index.php?rest_route=%2Fwp%2Fv2%2Fcomments&post=28"}],"version-history":[{"count":43,"href":"https:\/\/robmec.uaz.edu.mx\/index.php?rest_route=\/wp\/v2\/pages\/28\/revisions"}],"predecessor-version":[{"id":151,"href":"https:\/\/robmec.uaz.edu.mx\/index.php?rest_route=\/wp\/v2\/pages\/28\/revisions\/151"}],"wp:attachment":[{"href":"https:\/\/robmec.uaz.edu.mx\/index.php?rest_route=%2Fwp%2Fv2%2Fmedia&parent=28"}],"curies":[{"name":"wp","href":"https:\/\/api.w.org\/{rel}","templated":true}]}}